012414114
In base 7, what is 2664 + 331353?
334350
In base 5, what is -14110 + -313240?
-332400
In base 8, what is 6602043 + 33?
6602076
In base 4, what is 1111010012201 - -3?
1111010012210
In base 8, what is -16400 - -47717?
31317
In base 8, what is 504 + -6405016?
-6404312
In base 16, what is -74 + 17ef?
177b
In base 4, what is -20101320 + -310?
-20102230
In base 5, what is -40312 + -201411?
-242223
In base 12, what is -28322 - 12?
-28334
In base 16, what is -c088 - -245?
-be43
In base 8, what is 5145 + -345416?
-340251
In base 6, what is 10154241 - -3?
10154244
In base 13, what is 5 - 360a985?
-360a980
In base 14, what is 44 - 7b8d5?
-7b891
In base 8, what is 1317513 - 1434?
1316057
In base 6, what is -3211335341 - 5?
-3211335350
In base 7, what is -6343 + 2115602?
2106226
In base 5, what is -43124 - 112220?
-210344
In base 16, what is 23b43 + -9d?
23aa6
In base 13, what is -190cc + a?
-190c2
In base 14, what is c07d73 - 2?
c07d71
In base 2, what is 11000100100101010111011000 - 11?
11000100100101010111010101
In base 12, what is -1446 - -3574?
212a
In base 16, what is 5 - 13ce0b8?
-13ce0b3
In base 14, what is 13 - -1443614?
1443627
In base 13, what is 52923 - -1055?
53978
In base 5, what is 211430221 - 32?
211430134
In base 14, what is -5db + 22?
-5b9
In base 3, what is 200 + 1011211200?
1011212100
In base 10, what is -5959747 + 29?
-5959718
In base 4, what is 123222303032 + 10?
123222303102
In base 8, what is -172435176 + -2?
-172435200
In base 15, what is 140 + -eb0d?
-e9bd
In base 7, what is -1202330 - -5?
-1202322
In base 10, what is 30 - -1024876?
1024906
In base 2, what is 1011011 - 1000111100010011000101?
-1000111100010001101010
In base 2, what is 10010111010110010110 - 1000001?
10010111010101010101
In base 2, what is -101010101001100001 - -1011010111?
-101010011110001010
In base 10, what is -43 - -124962?
124919
In base 14, what is -5 + -193a705?
-193a70a
In base 3, what is 1 + -10220022102211122?
-10220022102211121
In base 10, what is 7106826 - 3?
7106823
In base 10, what is -416191 + 10?
-416181
In base 7, what is -41 + 256614431?
256614360
In base 5, what is -2310311 - 322?
-2311133
In base 5, what is -10402 - -1444333?
1433431
In base 10, what is 642980 - 142?
642838
In base 4, what is 103 + 1123113113?
1123113222
In base 10, what is -12645 - 5646?
-18291
In base 5, what is 1023214 + 212201?
1240420
In base 3, what is 2 + 10010121021011212?
10010121021011221
In base 7, what is 45 + 16252?
16330
In base 5, what is 11010 + 44430?
110440
In base 10, what is 9436215 - 27?
9436188
In base 5, what is -3120 - -114104410?
114101240
In base 3, what is 1 - -12100212201020112?
12100212201020120
In base 5, what is 33 - 3343141021?
-3343140433
In base 6, what is -121312213 - -220?
-121311553
In base 9, what is 235821 - 114?
235706
In base 5, what is -104244 + -3211421?
-3321220
In base 3, what is -10 + -10020122200110?
-10020122200120
In base 16, what is ab8cf1c + -5?
ab8cf17
In base 11, what is a13719 + 25?
a13743
In base 16, what is 5 - -11d02083?
11d02088
In base 12, what is -3 + -4069053?
-4069056
In base 13, what is 1984 - 12a2?
6b2
In base 9, what is 20734 - -2703?
23537
In base 14, what is -4 - -20a8786?
20a8782
In base 2, what is -100010001110111101101001110 + 1111?
-100010001110111101100111111
In base 14, what is 45c + -6093?
-5a35
In base 16, what is -449cd - -169?
-44864
In base 4, what is 0 - -21033212331?
21033212331
In base 7, what is 1323 + 4006015?
4010341
In base 16, what is 156853 + -97?
1567bc
In base 3, what is -1 + 12112201012101001?
12112201012101000
In base 11, what is -31 - 3a06571?
-3a065a2
In base 14, what is 4a - 17b5d9?
-17b58d
In base 13, what is 48519 - -93?
485ac
In base 10, what is 4354235 + 6?
4354241
In base 14, what is -40409 - 5?
-40410
In base 9, what is 46044315 - -6?
46044322
In base 10, what is -82 + -1693571?
-1693653
In base 15, what is 9d5 + 2825?
330a
In base 3, what is 102010112100102122 - 21?
102010112100102101
In base 10, what is 93 + 544946?
545039
In base 4, what is -33201120001 + 13?
-33201113322
In base 3, what is -102 + 1201022000111?
1201022000002
In base 3, what is 12 + 100210001121212211?
100210001121220000
In base 13, what is 4 + 7a90880?
7a90884
In base 16, what is -3081 + -1484?
-4505
In base 6, what is -3 - -3313120?
3313113
In base 6, what is 2111304 + 122?
2111430
In base 15, what is 603 - -1e772?
1ed75
In base 6, what is -14120535 + 101?
-14120434
In base 13, what is -1100 - 22bb?
-33bb
In base 9, what is 32335775 + 4?
32335780
In base 2, what is -101011 - -10100001010011111001?
10100001010011001110
In base 12, what is 2b59 + -55a5?
-2648
In base 13, what is -585749 + -47?
-585793
In base 9, what is -5 - -2718265?
2718260
In base 10, what is 248068 + -51?
248017
In base 3, what is 1212111022012 - -11?
1212111022100
In base 16, what is b + -c29317?
-c2930c
In base 15, what is -a750 - 114?
-a864
In base 3, what is -110011 - 12100122111?
-12101002122
In base 16, what is 4ae7a - -11a?
4af94
In base 12, what is b3b8 - 253?
b165
In base 12, what is 38 + -16430a?
-164292
In base 13, what is 16240 + -501?
15a3c
In base 12, what is -7127580 + 0?
-7127580
In base 12, what is 33782 + -251?
33531
In base 7, what is 20322126 - 201?
20321625
In base 16, what is ed1 + -4468?
-3597
In base 9, what is 17 + 456247?
456265
In base 5, what is -411344 - 110140?
-1022034
In base 4, what is 303131 + -122331?
120200
In base 11, what is -7 + 87a5455?
87a5449
In base 9, what is -25 - 11738270?
-11738305
In base 13, what is -b386 - 2360?
-10716
In base 13, what is 45 + -449815?
-4497a0
In base 12, what is 343877a + 8?
3438786
In base 6, what is 3114333 + 33?
3114410
In base 15, what is -1b76eb + -c6?
-1b77c2
In base 16, what is -47 - 2e8ea?
-2e931
In base 9, what is 3247470 - -4?
3247474
In base 12, what is 253 - 915?
-682
In base 8, what is -4 + 125350707?
125350703
In base 16, what is 117c750 + -1a?
117c736
In base 3, what is 21201200222001 + 1?
21201200222002
In base 10, what is -43172 - 1503?
-44675
In base 10, what is -16135079 - 5?
-16135084
In base 13, what is -13 + -8614ab?
-8614c1
In base 15, what is -a77e + 18d?
-a5e1
In base 7, what is 3 - 3615054631?
-3615054625
In base 9, what is -535 - -866762?
866226
In base 13, what is -14 - -5007?
4cc3
In base 4, what is 310031 - 1313131?
-1003100
In base 15, what is 89 + 22e8?
2382
In base 2, what is 101 - 10001101001000111110?
-10001101001000111001
In base 8, what is 423 - -617641?
620264
In base 10, what is 353 - -66041?
66394
In base 13, what is -79c18b8 - -8?
-79c18b0
In base 10, what is 232595617 + -3?
232595614
In base 6, what is -50203010 - -22?
-50202544
In base 7, what is -30 - 4416623?
-4416653
In base 15, what is -35ca89 + 1?
-35ca88
In base 7, what is 115 + -2654043?
-2653625
In base 16, what is -7b + -2e78f?
-2e80a
In base 15, what is -b6ad1 + 13?
-b6abd
In base 14, what is -3a61 - 309?
-3d6a
In base 5, what is -233 + -1110331101?
-1110331334
In base 10, what is -3 + -321449067?
-321449070
In base 4, what is -100101111111002 - 11?
-100101111111013
In base 15, what is 39010dc + 20?
390110c
In base 12, what is -3323b99 - -2?
-3323b97
In base 9, what is 4 + -46801?
-46786
In base 13, what is -1967c + -3b1?
-19a60
In base 8, what is -645 + -217413?
-220260
In base 6, what is 21414 + 25240?
51054
In base 2, what is 111 + -1001100100000101110?
-1001100100000100111
In base 15, what is 5 - -213b37b?
213b381
In base 13, what is 9caa10 + 8a?
9caa9a
In base 9, what is -4 + -226301054?
-226301058
In base 3, what is 102221220200010 + -210?
102221220122100
In base 10, what is -6624 - 25487?
-32111
In base 10, what is -10 + 6674929?
6674919
In base 3, what is 121210 - -10011121212?
10012020122
In base 8, what is 567 + 102237?
103026
In base 10, what is -10779862 + 3?
-10779859
In base 15, what is -9a7 + -9b3?
-146a
In base 4, what is -11 + 2133033302331?
2133033302320
In base 7, what is -6541 - -1224?
-5314
In base 13, what is -2401011 + 3?
-240100b
In base 11, what is -2085a + -3746?
-244a5
In base 5, what is -400232334320 + 0?
-400232334320
In base 7, what is -124456 - 2006?
-126465
In base 8, what is -7544 + -100501?
-110245
In base 2, what is 0 - -1000000000100100001001?
1000000000100100001001
In base 8, what is -4 + -1146107030?
-1146107034
In base 